331210 + 3310?
-12321300
In base 6, what is 1013311245 + -25?
1013311220
In base 12, what is 3 - -297602?
297605
In base 6, what is -33 + -3454345354?
-3454345431
In base 8, what is -3246352 + 12?
-3246340
In base 16, what is 1 + 72c34?
72c35
In base 10, what is -5 + -2616067?
-2616072
In base 4, what is 0 - -1210020201010?
1210020201010
In base 12, what is -3 + 2127ba0?
2127b99
In base 16, what is 22e7e - -e?
22e8c
In base 7, what is 65436126 - 51?
65436045
In base 16, what is -29b3c + -466?
-29fa2
In base 5, what is -1031 + -131442233?
-131443314
In base 12, what is 6 - 605823?
-605819
In base 5, what is -112423203101 + 10?
-112423203041
In base 13, what is a15172 + -49?
a15126
In base 4, what is 11123000201 - 32?
11123000103
In base 3, what is 12 + 12000010012220?
12000010020002
In base 14, what is 12a63 + 54?
12ab7
In base 15, what is -3c38d - 2?
-3c390
In base 9, what is 234 - -1760741?
1761075
In base 4, what is -10220133132 + -12?
-10220133210
In base 11, what is 7466149 + 12?
7466160
In base 2, what is 10001 - 1110101001110011001?
-1110101001110001000
In base 8, what is 3 - -35140067?
35140072
In base 15, what is 91c1d5 - -7b?
91c261
In base 2, what is -10011000001010010000011011 + -11?
-10011000001010010000011110
In base 14, what is 7351 + -5b4d?
1602
In base 5, what is -1421330200020 + -1?
-1421330200021
In base 15, what is -4eaa83 - -e7?
-4ea98b
In base 4, what is -12022312 - -2331312?
-3031000
In base 10, what is -13 + 388336?
388323
In base 16, what is -16 + 6f029f?
6f0289
In base 3, what is -12 + -10101200102022?
-10101200102111
In base 8, what is 10 - -125146547?
125146557
In base 8, what is -232 - -431337?
431105
In base 3, what is -100 - -11122122102202?
11122122102102
In base 3, what is 100010111001211 - 11?
100010111001200
In base 2, what is -101 + 10101101100000100100011?
10101101100000100011110
In base 13, what is -633 + -a92?
-13c5
In base 14, what is 5 - -ccbda7?
ccbdac
In base 8, what is 0 + 400352117?
400352117
In base 14, what is 6 - 59948?
-59942
In base 2, what is -10001101101000111000010 - -1110110?
-10001101101000101001100
In base 15, what is 2 - c0c310?
-c0c30d
In base 15, what is 8 - e84?
-e7b
In base 14, what is -8578067 - 13?
-857807a
In base 2, what is 0 + -111000100101000000010011111?
-111000100101000000010011111
In base 12, what is -201692 + 688?
-201006
In base 14, what is -12 + -3074bd5?
-3074c07
In base 12, what is 26643 + 54?
26697
In base 12, what is 8 + 117b46?
117b52
In base 3, what is 12 - -110121112121?
110121112210
In base 4, what is -1 - 23033121122100?
-23033121122101
In base 13, what is 2 - 930ac4b?
-930ac49
In base 6, what is -2052 - -12434113?
12432021
In base 9, what is 64128 + -156?
63862
In base 12, what is -7 - 1390656?
-1390661
In base 10, what is 274564507 - -2?
274564509
In base 11, what is 4 + 612975?
612979
In base 3, what is -121211 - -21002?
-100202
In base 5, what is 2423330 + -1201?
2422124
In base 10, what is 2 + -7748919?
-7748917
In base 11, what is 578a + 3467?
9146
In base 13, what is b + 2083a12?
2083a20
In base 14, what is 200d2 + -205?
1dccb
In base 14, what is -9 + 90664?
90659
In base 3, what is 201 + -2011211121010?
-2011211120102
In base 8, what is 5342770 - -4?
5342774
In base 2, what is 100010001010110000 - 1101111?
100010001001000001
In base 6, what is 415 - -2323034?
2323453
In base 16, what is 4 + b2b6303?
b2b6307
In base 3, what is 11021012221011 + -11?
11021012221000
In base 9, what is 1 - 3263074?
-3263073
In base 10, what is -9 + -8791805?
-8791814
In base 10, what is -22 - -697299?
697277
In base 9, what is 162 - 4702087?
-4701825
In base 12, what is -b - 745b4?
-74603
In base 3, what is -101011 - -2020201121?
2020100110
In base 14, what is 45c517 + 6?
45c51d
In base 2, what is 1111 - -1101101111101000010100?
1101101111101000100011
In base 11, what is 7a32 + 9291?
16213
In base 8, what is 264215 - 715?
263300
In base 16, what is 1320 - 44e?
ed2
In base 14, what is -c - -583b332?
583b324
In base 7, what is -104455110 + 2?
-104455105
In base 12, what is 610aa6 - 3?
610aa3
In base 16, what is 349ee - 96?
34958
In base 10, what is -519770 - -10?
-519760
In base 12, what is -7 - -636a88?
636a81
In base 5, what is -1320403243230 + -3?
-1320403243233
In base 15, what is 2 + -1a34453?
-1a34451
In base 11, what is 874a - 402?
8348
In base 5, what is -102144103 + 42?
-102144011
In base 2, what is 1 + -11000101101110100100?
-11000101101110100011
In base 3, what is -1020011010022000012 + 11?
-1020011010022000001
In base 11, what is 155 + 25a267?
25a411
In base 5, what is -344 + -402223?
-403122
In base 3, what is -202212 - 10122200?
-11102112
In base 14, what is -88d + -3b26?
-45b5
In base 3, what is 20220102012020111 + 21?
20220102012020202
In base 11, what is -89737a - a?
-897389
In base 4, what is 111 + 2030333301?
2031000012
In base 6, what is -11412040 - 33115?
-11445155
In base 3, what is -212020112 + -120102?
-212210221
In base 4, what is -1000021001230 + -10?
-1000021001300
In base 12, what is -3380 + 171?
-320b
In base 11, what is 2 - -1418087?
1418089
In base 14, what is c2 - -8904?
89c6
In base 3, what is 110210 - -201220221021?
201221102001
In base 13, what is a286231 + -1?
a286230
In base 3, what is -111212001220 - 1212?
-111212010202
In base 5, what is 1113231400 + 10?
1113231410
In base 4, what is -30132202230 + 1?
-30132202223
In base 8, what is 12006 + 15357?
27365
In base 12, what is -22608 - 197?
-227a3
In base 12, what is -1310a28 + 2?
-1310a26
In base 11, what is 3 - -9a4383?
9a4386
In base 16, what is -115 + -26da8?
-26ebd
In base 12, what is 93a70 - 59?
93a13
In base 16, what is -fa1c2e + 19?
-fa1c15
In base 8, what is -1255154 + -250?
-1255424
In base 12, what is -259679 + 32?
-259647
In base 10, what is -16718 - -2554?
-14164
In base 3, what is 122010020 - 120110?
121112210
In base 12, what is -b12a4 - -712?
-b0792
In base 10, what is -22399129 + 4?
-22399125
In base 9, what is 705 - -201487?
202303
In base 3, what is -101221000 - -211011?
-101002212
In base 14, what is 17ac2 - -2ac?
17d90
In base 4, what is -23000 - 10323230?
-11012230
In base 5, what is -14044 - -11040404?
11021310
In base 14, what is -43b1c - c8?
-43c06
In base 8, what is 626103 + -757?
625124
In base 3, what is -120011 - 1122201201?
-1200021212
In base 13, what is 27cca7 + 34?
28000b
In base 11, what is 20a277 - -28?
20a2a4
In base 11, what is 1066a5 - a0?
106605
In base 10, what is -14728 + -2492?
-17220
In base 8, what is -3663207410 + -1?
-3663207411
In base 16, what is -1d + -76e641?
-76e65e
In base 10, what is 1 - 1874455?
-1874454
In base 3, what is 22211112212 - 21110?
22211021102
In base 2, what is 10001110010011100000011 - -100?
10001110010011100000111
In base 2, what is -101010111110100001 + -10000011?
-101011000000100100
In base 9, what is -226375 + 311?
-226064
In base 10, what is 1715 + 946?
2661
In base 16, what is 1707d + -d?
17070
In base 10, what is -3213 + -22339?
-25552
In base 12, what is 87954 - 27?
87929
In base 3, what is 1020011102121 - 10121?
1020011022000
In base 16, what is -b2f9 - -151?
-b1a8
In base 12, what is 45 + 25b29?
25b72
In base 7, what is -355345 - -64?
-355251
In base 10, what is 8 + -2438264?
-2438256
In base 3, what is 1 - -102112211012120?
102112211012121
In base 4, what is -2102230301121 + 11?
-2102230301110
In base 11, what is -145 + 405366?
405221
In base 6, what is -124022354 - -32?
-124022322
In base 7, what is 12203 - -314?
12520
In base 11, what is 3131 + 1a4?
3325
In base 6, what is 124 + -2420540?
-2420412
In base 10, what is 54667381 + 5?
54667386
In base 6, what is -25301322 - 32?
-25301354
In base 8, what is 17200 + 3457?
22657
In base 12, what is -31 - 16765b3?
-1676624
In base 11, what is 8a4a4 - -495?
8a989
In base 11, what is 103289 - 10?
103279
In base 16, what is -1a6 - 9aa29?
-9abcf
In base 14, what is da - a3983?
-a3887
In base 5, what is -20 - 320012232?
-320012302
In base 2, what is 100000011111101111000 + 111?
100000011111101111111
In base 3, what is -210 - 12001202211002?
-12001202211212
In base 4, what is 1130 + -12201211033?
-12201203303
In base 11, what is 49 - -1344104?
1344152
In base 15, what is 82 - -80db6?
80e48
In base 16, what is 2c - -1b0abf?
1b0aeb
In base 12, what is -666637a + -69?
-6666427
